57 = -21*y + 282098. What is the hundreds digit of y?
3
Suppose -5*w - 3*x = -68, -5*w - 11*x = -13*x - 88. Suppose w*a - 19*a = -2145. What is the units digit of a?
5
Suppose -245*i + 244*i = 3*g - 39568, 65948 = 5*g + 3*i. What is the thousands digit of g?
3
Suppose -l - c + 63 = 0, 6*l - c = 2*l + 227. Suppose -l*x = -59*x + 114. What is the tens digit of x?
1
Suppose -10*g = 3*t - 11*g + 121, 4*g = 3*t + 124. Let q be (-1)/3 + (-251)/3. Let a = t - q. What is the units digit of a?
4
Let t = -319 - -312. Let r(n) = -n**3 + 9*n**2 + 46*n + 14. What is the tens digit of r(t)?
7
Suppose -3*p - 17049 = -5*b, 5*p = -b - 12245 - 16198. Let n be (-4)/(-10) - (p/(-15))/(-12). Suppose n*o + 496 = 36*o. What is the units digit of o?
4
Suppose 4*b + 14386 = 50186. What is the hundreds digit of (b/(-100))/(1/(-2))?
1
Suppose -5*l = -o - 1 - 5, -10 = -2*o - l. Suppose 5*s + 4*u - 768 = 0, 3*s - 2*u = o*s - 156. Suppose s = -9*a + 11*a. What is the units digit of a?
6
Let q = -382 - -547. Let s = 961 - q. What is the tens digit of s?
9
Let b be 2*2*(-22360)/(-16). What is the units digit of 2/(-6) - b/(-30)?
6
Let m be 4/14 + 30/42 - -11. What is the tens digit of (m/(-15))/((-10)/1975)?
5
Let a be 24/(-15)*-5 + -10. What is the tens digit of 1042 - 6/(0 - a)?
3
Let l(z) be the third derivative of -z**6/120 + 7*z**5/20 + z**4/4 + 11*z**3/2 + 7*z**2 - 11. What is the tens digit of l(8)?
1
Let l be (-3)/4 - ((-85324)/16 + 12). Suppose -11*p = -16*p + l. What is the thousands digit of p?
1
Let s(x) = -429*x + 403. What is the hundreds digit of s(-6)?
9
Suppose -4*k = 4*r - 1360 - 908, 1149 = 2*k - 3*r. What is the units digit of k?
0
What is the hundreds digit of -331539*(-6)/558 + 4/62?
5
Let y(o) be the third derivative of 6*o**2 + 0 + 0*o + 3/4*o**4 - 31/3*o**3. What is the tens digit of y(6)?
4
Suppose -y + 282 = -5*s, 0 = 2*s - 3*y + 125 - 20. Let l = 453 + -372. Let h = l + s. What is the units digit of h?
4
Suppose -341*v - 31392 = -353*v. What is the hundreds digit of v?
6
Suppose b - 2*b = 7*x - 1782, -b = -2*x - 1737. What is the tens digit of b?
4
Suppose 10*n - 492 = 628. What is the hundreds digit of n?
1
Let n = -22 - -108. Suppose 154 = -10*v - n. Let r = v + 36. What is the units digit of r?
2
Let k(n) = 20*n**3 - 8*n**2 + 3*n - 22. Let m(d) = 23*d**3 - 8*d**2 + 3*d - 23. Let y(z) = 7*k(z) - 6*m(z). What is the hundreds digit of y(9)?
8
Let l be (2/(-10) + 186/(-45))*-3. What is the hundreds digit of ((-68)/(-8))/((52/536)/l)?
1
Let v(m) = 29*m**3 - 12*m**2 - 18*m + 145. What is the tens digit of v(6)?
6
Suppose 3*f = 2*l + 16819, -2 = -27*l + 28*l. What is the hundreds digit of f?
6
Suppose 0 = 5*v + 4*u - 1642 + 128, v + 2*u - 304 = 0. Suppose -v*r + 291*r = -1804. What is the units digit of r?
4
Let m = -1639 + 889. Let l = m - -1931. What is the thousands digit of l?
1
Suppose 3*l = 2*l - 5*h - 36, h + 24 = -l. Let d be 1*-5*(-7)/l*3. What is the units digit of (88/(-3))/(d - 14/(-3))?
8
Suppose -5*h - 4 = 41. Suppose 5*f - 6*f + 4*p + 9 = 0, -4*p = -3*f + 3. What is the units digit of f/h + -3 + 276/9?
8
Let j(w) = 66*w**2 + 12*w - 71. What is the units digit of j(7)?
7
Let g = -1623 - -3332. Let o = g + -1092. What is the units digit of o?
7
Suppose 4*p - 5*w - 45 = 0, 3*p - 15 = p + 5*w. Let d(j) = -208*j - 1452. Let z be d(-7). Suppose -u = -3*g - 4 - 11, u - p = -z*g. What is the tens digit of u?
1
Suppose 4*c = 30 - 10. Suppose -c*p = -3*b + 6, -p + 2 = 3*b - 2*b. Suppose -f + 0*x + 4*x + 118 = 0, 0 = b*x - 2. What is the hundreds digit of f?
1
Suppose -4*y + 7*y = -6. What is the units digit of 745220/455 - y/13?
8
Let r = -38 + 70. Suppose i - r = 3*o, 4*i = 3*o + 13 + 25. What is the hundreds digit of (-1566)/(-12) + (-5)/o?
1
Let m = 730 - -12387. What is the thousands digit of m?
3
Suppose -s - 5*v + 904 = 0, 2*s + 2*v - 1552 = 256. Let z = 326 + s. What is the tens digit of z?
3
Let s = -4060 - -6491. What is the tens digit of s?
3
Let t = 209 - 207. What is the hundreds digit of (3 - 4)/(t/(-506))?
2
Let l(o) = -2*o + 3. Let g be l(-4). Let z(d) = 6*d**2 + 15*d + 36. Let r(c) = -2*c**2 - 5*c - 12. Let s(x) = g*r(x) + 4*z(x). What is the tens digit of s(6)?
1
What is the hundreds digit of (-182296)/(-16) - 5/(-10)?
3
Let c(t) = 7*t + 2. Let b be c(1). Let k = b + 54. What is the tens digit of 7983/k - 4/(-14)?
2
Suppose 120 = -l - 4*j, 2*l - 5*j = 4*l + 234. Let z be (7 - 0)*(38 + -15). Let d = l + z. What is the tens digit of d?
4
Let j(g) = 1210*g - 2063. What is the units digit of j(14)?
7
Let c(w) = -6*w + 24. Let t(j) = j**3 - j**2 - 2*j + 2. Let a be t(2). Suppose -2*n - a = 30. What is the hundreds digit of c(n)?
1
Let h(m) = -5*m - 35. Let s be h(-7). Let o be s + 0 - (17 + -23). Suppose -2*g + o*g = 124. What is the tens digit of g?
3
Let k = -55 + 122. Let r = k - 62. Suppose 13*w - r*w = 128. What is the units digit of w?
6
What is the hundreds digit of 4894/((-288)/(-27) - 10)?
3
Let m = 38 + -31. Suppose 3*g = -5*b + 37, 0 = 4*g - 2*g - 3*b + m. Suppose -4*s = 3*x - 254, -g*s = x + x - 164. What is the units digit of x?
0
Let w(r) = -4*r**3 + 65*r**2 + r + 38. What is the units digit of w(13)?
8
Let c = 11 - 7. Let l(s) = 18*s**2 - 21*s. Let g(x) = -5*x**2 + 7*x. Let m(d) = 7*g(d) + 2*l(d). What is the units digit of m(c)?
4
Let t(o) = 101*o**2 + 72*o - 1751. What is the thousands digit of t(19)?
6
Suppose 3*k + 9 = -0. Let u(m) = -2*m - 5 + m - 3*m**2 + 0*m**2 - 3*m**3. What is the tens digit of u(k)?
5
Suppose -306 = -3*n - 0*n. Suppose -4*a + 78 = n. Let w = a - -50. What is the tens digit of w?
4
Suppose 0 = 17*z - 50220 + 240. What is the tens digit of z?
4
Let w = 129 + -135. What is the tens digit of (-1232)/w - 1/3?
0
Let x = -158 - -175. Suppose 531 = x*s - 14*s. What is the units digit of s?
7
Let u = 1064 - -1529. Let v = 4040 - u. What is the thousands digit of v?
1
Suppose 0 = -2*j + 3*b + 25848, -j - b + 1198 = -11741. What is the thousands digit of j?
2
What is the tens digit of 13/((-351)/(-6)) + (-1409716)/(-36)?
5
Let u(k) = -k**3 + 92*k**2 - 141*k + 252. What is the ten thousands digit of u(89)?
1
Let r(v) = 110*v + 858. What is the units digit of r(64)?
8
Let g(x) = 11*x + 1384. What is the thousands digit of g(19)?
1
Let q(o) = -3*o - 19 - 2*o - 6*o - 5*o. Let g be q(-18). Suppose -x - 259 = -4*d - 4*x, 4*d + 5*x - g = 0. What is the units digit of d?
1
Let q be -2*(3 + -6) + 136. Let r = -57 + q. What is the units digit of r?
5
Let d(r) = -5 - 19*r - 44*r - 37*r. What is the units digit of d(-3)?
5
Let c(l) = -4*l**2 + 47*l - 9. Let j be c(11). Suppose 0 = j*z - 35*z + 3058. What is the units digit of z?
8
Suppose 44091 = 14*k - 2*k - 37797. What is the tens digit of k?
2
Let c(z) = 2*z**3 - 9*z**2 - 6*z + 26. Suppose -11*u + 7*u = -32. What is the hundreds digit of c(u)?
4
Let q(o) = -563*o**3 + 6*o**2 - 10*o - 19. Let z be q(-2). Suppose -3*c - 553 = 2*j - 5081, -3*c - j + z = 0. What is the tens digit of c?
1
Suppose 3*z - 5*z - 22 = -4*d, -2 = 2*z. What is the tens digit of -5 + d/(15/3558)?
8
Suppose m + 83 = 4*t + 6*m, m = 5*t - 140. Suppose -2*r - k + t = 3*r, -5*r - 3*k = -31. What is the tens digit of r/(-25)*0 + 22?
2
Let z(w) = w**3 - 8*w**2 + 2. Let j be z(8). Suppose j*f = -5*p + 2638, -2*f = -1 - 7. What is the units digit of p?
6
Let g(t) = -890*t + 14. Let h be g(-1). Suppose -27*q - h = -31*q. What is the hundreds digit of q?
2
Let l = -702 - -492. Let s = 146 + l. What is the units digit of 87/4*s/(-12)?
6
Suppose -5*m = 245 + 70. Let r = 178 + m. What is the tens digit of r?
1
Let o = -364 - -362. Let l(s) = 41*s**2 - 4*s + 1. What is the units digit of l(o)?
3
Let d(n) = -12*n + 36. Let u be d(-4). Suppose -5*x + 109 = u. Suppose -2 - 3 = -5*q, -z + 18 = x*q. What is the units digit of z?
3
Let k be 6 - (0 + 0 - 1*-2). Let s(o) = 3*o + 15 + 22 + k - 7. What is the units digit of s(-10)?
4
Suppose 3*m = c + 33 + 66, -5*m - 2*c = -154. Let b = 37 - m. Suppose 0 = b*n - 390 + 90. What is the tens digit of n?
6
Let h(s) = s**2 - 2*s - 11. Let f be h(5). Let l(r) = 16*r - 8. Let k be l(f). Suppose -k = -5*o + 269. What is the tens digit of o?
6
Suppose 5*m + f - 141701 = 0, -3*m + 3*f + 18817 = -66182. What is the tens digit of m?
3
Suppose 3*b - b = 12. Let g = 31 + b. S